 6*v + 1. Give w(u).
21
Let n(t) = 2*t**2 - 2*t + 3. Let y(d) = -d**3 - 2*d**2 + 5*d. Let c be y(-4). Let f = -10 + c. Calculate n(f).
7
Suppose 0 = -s + g, 0 = -3*s + g + 4*g - 6. Suppose -2*n - 3*z = -0*n + 12, 4*n + 5*z + 20 = 0. Suppose n = h - s*h. Let l(m) = -m + 7. Calculate l(h).
7
Let t(s) = 2*s - 3. Suppose -4 = 4*k - 24. Let n = 11 + -2. Suppose k*o = 2*o + n. Calculate t(o).
3
Suppose -5*l = -2*l - 30. Let r be (2/2)/2*l. Let a(v) = v**2 - 3*v - 5. Determine a(r).
5
Let h(a) = -a**2 + 6*a - a**3 + 2*a**3 + 7*a**2. Let v = 43 + -23. Suppose 4*t + v = -0*t. Give h(t).
-5
Let j(f) = 6*f**2 - 3*f**3 + 4*f**3 - f**2 + 3*f. Determine j(-3).
9
Let b(w) = -12*w - 1. Let g be 4/(-28) - (-8)/7. Calculate b(g).
-13
Let b(q) be the second derivative of q**3/6 + 2*q**2 - 3*q. Let r be 0 + (0 - 1) + -4. What is b(r)?
-1
Let n(d) = 2*d**3 + 10*d**2 - 5*d + 12. Let r = -13 + 10. Let b(c) = c**3 + c**2 + 1. Let v(g) = r*b(g) + n(g). What is v(6)?
15
Let f = 11 + -2. Suppose 0 = 3*b - 9 - 0. Let r(x) = 2*x - f - x + b. Determine r(5).
-1
Let k(i) = i**2 + 8*i. Suppose 0 = 4*w - 2*s + 24, -3*w = s + 29 - 11. Calculate k(w).
-12
Suppose 4*u = -16, 3*h - h - 8 = 2*u. Suppose 4*l - 1 + 13 = h. Let a(c) = -2*c**2 - 5*c - 4. What is a(l)?
-7
Let n(s) = 17*s**3 + s**2. Suppose 10*c + 8 = 8*c. Let o be c + (-4)/(-2) + 1. What is n(o)?
-16
Let p(q) be the third derivative of -q**6/120 - q**5/12 - q**4/12 - q**3/2 - 28*q**2. What is p(-4)?
-11
Let x = 34 + -34. Let n(j) = -j**2 - 5. What is n(x)?
-5
Let u(n) = -6 + 4 - 2*n + 3. Determine u(-1).
3
Let r(t) be the first derivative of t**2 - 5*t + 2. Let z be ((-15)/9)/((-1)/3). What is r(z)?
5
Let l(y) = -y**2 - 4*y - 2. Let w(x) = x**2 - 2*x - 1. Let j be w(3). Suppose -5*c - j*u - 6 = 5, u = c + 5. Determine l(c).
1
Let n(l) = -l**2 + 4. Let z = -56 - -59. Determine n(z).
-5
Suppose 7*z - 8 = 3*z. Let r(o) = -3*o + 2 - 4 - 5 - o**z + 5. Calculate r(-2).
0
Let f(b) = -b**3 + 2*b**2 - 11*b - 6. Let c(k) = k**3 - k**2 + 12*k + 7. Let g(v) = 5*c(v) + 6*f(v). What is g(6)?
-1
Suppose 5*o + 26 + 14 = -5*p, -4*p - 23 = o. Let b(n) = 2*n. Calculate b(p).
-10
Let i be -1 - -1 - (0 - 3). Suppose i*c - 6 = 9. Let a(f) = -4*f**2 - f**2 + 4*f**2 + 4 + 3*f. What is a(c)?
-6
Let g(t) be the first derivative of -t**4/4 - t**3 + 2*t**2 - 5*t - 10. What is g(-5)?
25
Let l(j) = -8*j**2 + j - 1. Suppose 0 = 4*q - 3*o - 129, -4*o + 0*o = q - 37. Let c = q + -48. Let g be 5*3*(-1)/c. Calculate l(g).
-8
Let w(o) = o**2 + 0*o - 6*o + 9 + 0*o**2 - 2*o. Determine w(8).
9
Let k(u) = -2*u + 28 - 28. Give k(2).
-4
Let d = -56/3 + 20. Let y(b) be the first derivative of 2 - 4*b + d*b**3 + 1/4*b**4 - 7/2*b**2. What is y(-5)?
6
Let d = -17 + 20. Let g(h) be the third derivative of 1/2*h**d + h**2 + 0*h - 1/120*h**6 + 5/24*h**4 + 0 - 1/30*h**5. What is g(-3)?
-3
Let l be (2/4)/(1/(-8)). Let z(k) be the third derivative of -k**4/24 - k**3/6 + 7*k**2. Calculate z(l).
3
Let n(g) = -2*g - 11. Let z(h) = -6*h - 32. Let a(d) = -11*n(d) + 4*z(d). Let p be (28/(-3))/(10/(-15)). Suppose -4*r - 2*l = p, -6 = -4*l + 2*l. Give a(r).
3
Let j be 0 - (-1)/(1/3). Let w(r) be the second derivative of -1/2*r**2 + 5*r + 0 + 1/3*r**3. Give w(j).
5
Let f(p) = 2*p - 1. Let v be 6/5*20/(-6). What is f(v)?
-9
Suppose -6*z + 3*k = -4*z + 1, -3*z + 21 = 3*k. Let a = 8 - z. Suppose -5*s + g = -2 - 3, -a*s - 3*g + 23 = 0. Let t(y) = -y**3 + 3*y - 3. Give t(s).
-5
Suppose 4*y = -c + 6*c + 21, 4*y = c + 17. Let r(z) = -z - 6. Let o(n) = -4. Let m(w) = 6*o(w) - 4*r(w). Calculate m(c).
-4
Let i(q) = q**3 - q - 1. Let j(m) = m**3 - 9*m**2 - 8*m - 18. Let r be j(10). Determine i(r).
5
Let m(s) = s**2 - 6*s + 6. Let r(d) = 3*d**2 - 18*d + 18. Suppose -3*g - 2*g - 75 = 5*a, 5*g = -a - 7. Let q(b) = a*m(b) + 6*r(b). Calculate q(4).
-2
Let w(j) = j**2 - 2*j. Suppose 0 = 3*g - 5*f - 35 - 21, -g + 5*f + 32 = 0. Suppose 2*o = -2*o + g. Determine w(o).
3
Let d(f) = f**2 - f. Let r(a) = a**2 - 2*a + 1. Let g(m) = 3*d(m) - 4*r(m). Suppose 0 = 3*s - 12 - 0. Give g(s).
0
Let x(u) be the second derivative of u**5/20 + 2*u**4/3 + 4*u**3/3 + 2*u**2 - u. Give x(-7).
-3
Let n(o) = o**3 - 10*o**2 + o + 4. Let u(a) = a**2. Let k(c) = n(c) + 5*u(c). Let b = -61 + 66. Determine k(b).
9
Let d(k) = k + 9. Let v be ((-3)/1 - -1) + 10. Suppose 2*w - 2 = v. Suppose -3*c - 21 = 4*g - 5, -w*c + 5*g - 15 = 0. What is d(c)?
5
Let a = -2 - 0. Let r = 3 - a. Let w(i) = -4*i - 2*i + 6 + i**2 - 2. Give w(r).
-1
Let d(k) be the third derivative of k**5/30 + k**4/24 - k**3/2 - 17*k**2. Let h(o) = -o**3 + 4*o**2 + 4*o + 2. Let y be h(5). Determine d(y).
12
Let a = -14 - -28. Suppose d - a = -d. Suppose 2*j + d = -3*i, 2*i = 4*j - 17 - 9. Let z(h) = h**2 + 5*h + 6. Determine z(i).
6
Let l(b) = 3*b - 3. Let k be l(2). Let g(j) be the third derivative of -j**6/120 + j**5/15 - 5*j**4/24 + 2*j**3/3 - 8*j**2. What is g(k)?
-2
Let v = -2 + 4. Let p(x) = 6*x**2 + 6 - 2*x**v - 2 - 2*x**2 + 7*x. Give p(-4).
8
Let x(l) = -2*l - 1. Suppose -3*f - 2*f - 15 = -2*i, -i - 15 = 5*f. Suppose -4*t = 5*v - i - 25, -2*t - 15 = -3*v. Suppose o + 4*o + v = 0. Calculate x(o).
1
Suppose 0 = 4*k + u - 10, 3*k - 16 = -5*u. Let q(v) = v**2 - 6*v**2 + 3*v**k + 3*v**2 + 3*v - 1. Calculate q(-5).
9
Let f(p) be the third derivative of -7*p**4/24 - p**3/6 + 12*p**2. Give f(-3).
20
Let s(a) = a. Let r = -25 + 27. Suppose -r*d - 26 = 2*b + 2*b, -2*b + 4*d = 18. Calculate s(b).
-7
Let t(n) = n - 6. Let b be 6 + (0 - 3) + 1. Suppose -a - k + 29 = 3*a, -4*a + b*k = -4. Calculate t(a).
0
Let h be 4 + (0 - 0)/(-1). Let s(g) = g**2 + 3*g - h*g + 0*g + 1. Suppose y = 2*y. Determine s(y).
1
Let g(a) = -2*a - 4. Let u(c) = 2*c + 5. Let y(q) = 4*g(q) + 3*u(q). Give y(-5).
9
Let i(s) = -4*s - 2. Suppose 0*p - 3*p = -o + 6, -o = -4*p - 2. Let j = o - 10. Suppose 3*l - 2 = -j. What is i(l)?
6
Suppose 3*s = -s. Suppose -4*r - 3 = -7*r. Let n = s - r. Let d(i) = -6*i**2 + 1. Give d(n).
-5
Let j = 16 - 13. Suppose -j - 1 = x. Let h(b) = 3*b + 6. Determine h(x).
-6
Suppose 0 = -2*q - q + 6. Let g(b) be the third derivative of -b**4/12 + b**3/3 - b**2. Calculate g(q).
-2
Let j(r) = r**2 + 8*r + 7. Let k be j(-8). Let d = -11 + k. Let x(t) = t**3 + 5*t**2 + 4*t - 5. Determine x(d).
-5
Let o(a) be the third derivative of a**5/60 - a**4/12 - a**2. Suppose -r - 4 = -5*r. Calculate o(r).
-1
Let o(i) be the third derivative of i**4/8 + i**3/6 - 3*i**2 - 3*i. What is o(2)?
7
Let j(f) = f - 1. Let n(g) = 2. Let m(v) = -4*j(v) - 3*n(v). Suppose -l + 3 = 2*o + 12, -15 = 5*o. Give m(l).
10
Let s be (4 - 3)/(2/28). Suppose -3*h - 6 = -3*b + 6*b, 0 = b + 4*h + s. Let k(z) = -b*z + z**3 - 3*z + 3 - 6 + 5*z**2 + 9*z. Determine k(-4).
-3
Let t be (2/(-4) + 1)*(-9 + 5). Let d(p) = p + 1. Calculate d(t).
-1
Let c(s) = 9*s - 2*s - 9 - 4*s**2 + 3*s**2. Let l = 83 - 52. Suppose 4*y - y = -3*i + 33, -5*y + l = i. What is c(i)?
-3
Suppose v + 3*v + 20 = 0. Let m(j) = 2*j**2 + 6*j + 1. Let u be m(-4). Let a(p) = u + p - 3*p - 3 + 10*p + p**2. Give a(v).
-9
Let z = 60 - 65. Let l(r) = -r**2 - 5*r - 6. Determine l(z).
-6
Let s be (2/4)/((-2)/(-8)). Let z = -90 - -97. Suppose 5*n - h + 4 = -z, -s*n - 3*h = 18. Let o(m) = -m**2 - 4*m - 4. Give o(n).
-1
Let z(t) be the second derivative of -1/12*t**4 - 1/2*t**2 + 0 + 0*t**3 + 2*t. Give z(2).
-5
Let b(c) = c - 14. Suppose 4*t - 34 = -2*j - 0*j, 0 = -3*t + 2*j + 29. Calculate b(t).
-5
Let s(c) be the third derivative of -c**2 + 1/12*c**4 + 0 + 1/180*c**6 + 0*c - 1/60*c**5 + 1/3*c**3. Let t(v) be the first derivative of s(v). Give t(2).
6
Let m(j) = 2*j - 7. Let c be (2/4*0)/1. Let p be 6/(-2) + c + 0. Let h be (p - -4)*(-2 + 7). Give m(h).
3
Let l(b) = b + 4. Let s(v) = v**3 + 15*v**2 - 16*v - 5. Suppose 0*o = -4*o - 4*a - 56, 4*a = 4*o + 72. Let t be s(o). Calculate l(t).
-1
Let x(a) = a. Let k(t) = 2*t - 2. Suppose v = 4*v + 33. Let j = v + 7. Let u(f) = j*x(f) + k(f). Determine u(-2).
2
Let d(n) = -n**2 + 7*n - 1. Let j(t) = -t**3 + t**2 - t. Let w be j(1). Let k(z) = 7*z**2 + z + 1. Let q be k(w). Give d(q).
-1
Let b(z) = z**3 + 9*z**2 + 9*z + 3. Let w(l) = l**3 - 3*l**2 - 13*l + 7. Let k be w(5). Give b(k).
-5
Suppose 0 = 4*q - 66 + 50. Let w(d) = -d**2 + 2*d + 5. Determine w(q).
-3
Let g(d) be the second derivative of -d**5/20 + 7*d